 composite?
True
Is 50182347661 prime?
True
Is 4148546557 prime?
False
Is 19816588661 a prime number?
True
Is 49004112349 a prime number?
True
Is 55863029173 a prime number?
False
Is 143482621 composite?
False
Is 178727748977 composite?
False
Is 885293203 composite?
False
Is 12155494931 a prime number?
True
Is 1036060357 prime?
True
Is 2431911257 prime?
True
Is 3107080699 a composite number?
False
Is 69564839 composite?
True
Is 11076953759 a composite number?
True
Is 1388542501 prime?
True
Is 81389396573 composite?
True
Is 54966456569 composite?
False
Is 152493853 prime?
False
Is 10406143042 a prime number?
False
Is 104735333 a prime number?
True
Is 7523137 prime?
True
Is 2993605343 composite?
False
Is 49206948823 a prime number?
True
Is 22574517715 a prime number?
False
Is 85573331198 prime?
False
Is 24019079047 a composite number?
True
Is 16671706831 a composite number?
True
Is 179342447 composite?
False
Is 126079669 a prime number?
False
Is 841693015 a composite number?
True
Is 245278589 composite?
False
Is 11835754141 composite?
False
Is 2717308613 a prime number?
False
Is 289221497 composite?
True
Is 9314436179 a prime number?
False
Is 7613302481 composite?
False
Is 373438283 prime?
False
Is 7283615981 composite?
False
Is 40256201 composite?
False
Is 2806305133 composite?
False
Is 228284141 a prime number?
True
Is 295880789 a composite number?
False
Is 12529591 prime?
False
Is 557399317 a prime number?
False
Is 132025651 a composite number?
True
Is 93657112397 composite?
False
Is 113679611 a composite number?
True
Is 12940072077 a prime number?
False
Is 27194971 composite?
False
Is 4261571243 prime?
True
Is 201607711 a composite number?
False
Is 12706511179 a composite number?
True
Is 42026573 a prime number?
True
Is 34234508963 prime?
False
Is 205367423 a prime number?
True
Is 6259079707 prime?
False
Is 1042882658 prime?
False
Is 14211125939 a composite number?
True
Is 3433657427 a prime number?
False
Is 8329939841 a prime number?
False
Is 81986309959 a prime number?
False
Is 5721926915 a prime number?
False
Is 40162669 a prime number?
False
Is 12163544537 composite?
False
Is 580175041 composite?
False
Is 12206914193 a prime number?
False
Is 16605890555 composite?
True
Is 240192487097 a composite number?
True
Is 33208919 composite?
False
Is 1361386426 a prime number?
False
Is 12274480873 a prime number?
True
Is 3818907647 composite?
True
Is 1471416461 composite?
True
Is 104554553 a prime number?
False
Is 220543403 a composite number?
False
Is 259533727 a prime number?
False
Is 190527235 prime?
False
Is 130626277 composite?
False
Is 2319456101 prime?
False
Is 87704559457 prime?
True
Is 2885914597 prime?
True
Is 98476347887 a composite number?
False
Is 477914281 prime?
False
Is 9679193279 a composite number?
True
Is 10012140301 prime?
True
Is 69313150189 composite?
True
Is 5716047691 prime?
False
Is 13347830869 a composite number?
False
Is 168629631787 a prime number?
True
Is 49084433603 prime?
True
Is 8817316171 a composite number?
True
Is 18283798801 composite?
False
Is 18133742813 a composite number?
False
Is 1571093483 a composite number?
False
Is 20146655699 prime?
True
Is 4445447731 a composite number?
True
Is 18897556817 composite?
True
Is 3306458362 a composite number?
True
Is 1385428021 a composite number?
True
Is 20067830297 composite?
False
Is 2890420997 a prime number?
False
Is 3449087947 a prime number?
True
Is 4271033891 a prime number?
False
Is 106837046969 composite?
True
Is 27312995927 composite?
True
Is 20897932717 composite?
False
Is 125011015751 prime?
False
Is 10387548697 a composite number?
False
Is 3486233849 composite?
True
Is 9492334193 composite?
False
Is 11642033309 a composite number?
False
Is 85110358523 a prime number?
False
Is 2047006567 a composite number?
True
Is 12433606943 prime?
False
Is 733583227 a composite number?
True
Is 4660684607 composite?
False
Is 772357367 a composite number?
False
Is 30463930579 prime?
False
Is 124280011939 prime?
True
Is 1983330607 a composite number?
True
Is 5678802719 a composite number?
False
Is 120176354995 a prime number?
False
Is 1716078797 a prime number?
True
Is 24074497 a prime number?
True
Is 423726791 a composite number?
False
Is 19500293206 a prime number?
False
Is 40575339583 composite?
False
Is 86611825751 composite?
True
Is 308724719 prime?
True
Is 2067941567 composite?
True
Is 847563859 a prime number?
True
Is 216891781 prime?
False
Is 752097433 a prime number?
True
Is 55978669819 prime?
True
Is 32949715837 composite?
False
Is 26157155 a prime number?
False
Is 18402084853 a prime number?
True
Is 683032711 a composite number?
False
Is 8067972839 composite?
False
Is 568214687 a prime number?
True
Is 3087387137 a composite number?
True
Is 386188139 composite?
False
Is 6243684823 a prime number?
False
Is 12021043613 prime?
True
Is 28314466007 prime?
False
Is 11042609 prime?
False
Is 199096005491 composite?
True
Is 4058895363 a composite number?
True
Is 4214431069 a composite number?
True
Is 346508913 a prime number?
False
Is 9207729959 a prime number?
True
Is 8919746761 a composite number?
False
Is 2868789683 a prime number?
False
Is 463648979 a prime number?
True
Is 37085922197 composite?
False
Is 24550809 prime?
False
Is 3603802123 a composite number?
True
Is 4405055569 a composite number?
False
Is 71458556129 a composite number?
False
Is 2219520881 prime?
False
Is 4806678089 a prime number?
False
Is 26110856383 composite?
True
Is 23847483281 a prime number?
False
Is 39312943 a prime number?
True
Is 487772137 composite?
True
Is 95614212047 a composite number?
True
Is 3246335747 a composite number?
False
Is 2000707019 a composite number?
False
Is 129202212443 prime?
False
Is 2918455759 a composite number?
True
Is 2745823501 composite?
True
Is 30370238783 prime?
True
Is 18604394207 composite?
True
Is 10552067857 a composite number?
True
Is 33240317777 a composite number?
False
Is 196356931 a composite number?
False
Is 3801964283 a composite number?
True
Is 876790403 a composite number?
True
Is 1986167959 a composite number?
False
Is 49648253443 composite?
True
Is 4649232649 prime?
False
Is 62280939337 composite?
False
Is 3765387959 a prime number?
True
Is 3067069199 a prime number?
True
Is 5272385399 a prime number?
True
Is 1159804969 prime?
False
Is 542498813 composite?
False
Is 2110130513 a composite number?
True
Is 6928944907 composite?
False
Is 303092359 composite?
False
Is 10785513071 a composite number?
False
Is 50638613 prime?
True
Is 9252941889 a composite number?
True
Is 7553040917 a prime number?
False
Is 1028042567 composite?
True
Is 67130314571 a prime number?
True
Is 1253418113 a composite number?
False
Is 16211624263 prime?
True
Is 85492801465 a composite number?
True
Is 4894481299 a composite number?
False
Is 2866929535 composite?
True
Is 33262639481 prime?
True
Is 24594541693 a prime number?
False
Is 11583889631 a prime number?
True
Is 1672054847 prime?
True
Is 3798427583 prime?
False
Is 2676658627 a composite number?
True
Is 397607387 prime?
True
Is 17680004341 a prime number?
False
Is 3682708259 prime?
False
Is 89901803 a prime number?
True
Is 5371592287 a composite number?
False
Is 7127268293 a composite number?
True
Is 12325270709 prime?
True
Is 2041832479 a prime number?
True
Is 267361592243 a prime number?
True
Is 2904607889 a composite number?
False
Is 357714433 composite?
True
Is 45990200311 a prime number?
False
Is 2706879046 composite?
True
Is 47297843 a prime number?
True
Is 2333680877 a prime number?
False
Is 30170148923 a composite number?
False
Is 19504905041 a composite number?
False
Is 1622072513 a prime number?
True
Is 1325449457 prime?
True
Is 448036709 a prime number?
False
Is 11620592653 composite?
False
Is 105710261 composite?
False
Is 301055805579 a prime number?
False
Is 3817247983 composite?
True
Is 3296367163 composite?
False
Is 320744447 a composite number?
True
Is 807256309 prime?
False
Is 276370229 composite?
False
Is 48932165863 a prime number?
False
Is 930761299 prime?
False
Is 2901653099 a composite number?
True
Is 1155534491 composite?
False
Is 360370027 a prime number?
True
Is 16156251179 a prime number?
True
Is 6660931543 a prime number?
False
Is 371165189 composite?
False
Is 4858628321 a prime number?
False
Is